second derivative of -5/12*n**4 + 0 + n - 1/20*n**5 - 2*n**2 - 1/6*n**3. Suppose 40*a + 5 = 39*a. Determine c(a).
1
Let p(o) = -o + 2. Let w be 13/(-4) + 25/20 + -1. Calculate p(w).
5
Let v(d) = -d**3 + 4*d**2 - 4*d + 3. Let a be v(3). Let l(x) be the second derivative of -x**5/20 - x**4/12 - x**3/6 + 7*x**2/2 - 21*x. What is l(a)?
7
Suppose 0 = 4*b - 4*z, -z + 18 = 4*b + z. Let l(k) = -k**2 + 0*k - 2*k - 3*k + b. Give l(-6).
-3
Let w(d) = -13*d**3 + 17*d**2 - 25*d - 1. Let k(z) = -3*z**3 + 4*z**2 - 6*z. Let j(x) = 9*k(x) - 2*w(x). Determine j(2).
-6
Let y = 26 - 26. Let t(z) = -z**3 + z**2 - z + 3. Determine t(y).
3
Let y(m) = m**2 + 12*m + 6. Let s be y(-12). Let a(u) = 8*u - 3*u + 0*u - s - 4*u. Give a(0).
-6
Let c be (0 - -3)*3/(-9). Let q be 1 - 12/((-4)/c). Let i(x) = 3*x**2 + x - 2. Determine i(q).
8
Let j(x) = x - 3. Suppose -5*l - s + 5 = 0, 3*l - 4 = 3*s - 1. Let k be (1 - 3)*(5 + l). Let b = k - -7. What is j(b)?
-8
Suppose 0 = o + 4. Let x = o - -3. Let a be -1*(-1 - 1 - x). Let s(y) = -6*y + 1. Determine s(a).
-5
Let d(f) = -f**2 + 2*f + 0*f - 5*f**3 - 3*f. Let t(p) = -p**3 + 7*p**2 + 19*p - 10. Let n be t(9). Determine d(n).
5
Let y = 9 + -7. Let t(p) = -p**y + 0 - 2*p + 2*p**2 - 2*p - 2. Let w be (-8)/3*12/(-8). Give t(w).
-2
Let r(g) = -11*g**3 - 22*g**2 + 22*g - 21. Let u(j) = 5*j**3 + 11*j**2 - 11*j + 10. Let i(y) = -6*r(y) - 13*u(y). Calculate i(10).
6
Let o(w) = 3*w**3 - w**2 - 12*w - 20. Let v(t) = 2*t**3 - t**2 - 8*t - 13. Let k(j) = -5*o(j) + 8*v(j). Determine k(4).
-4
Let a(o) = o**2 + 4*o + 2. Let u(b) be the second derivative of b**4/6 + 3*b**3/2 + 5*b**2/2 + b. Let w = 10 + -6. Let f(v) = w*u(v) - 9*a(v). What is f(-3)?
-7
Let d(x) = 10*x**3 - 7*x**2 + 7*x + 12. Let f be (12/(-15))/(2/5). Let o(u) = 3*u**3 - 2*u**2 + 2*u + 4. Let i(g) = f*d(g) + 7*o(g). Calculate i(0).
4
Let n(l) be the first derivative of -l**2/2 + 3*l + 4. Let m(h) = -6*h**2 + 1. Let x be m(1). What is n(x)?
8
Let o(c) = 13*c + 1. Let j be 2/3*((-81)/6)/9. Calculate o(j).
-12
Let j(p) = -p**3 - p**2 + p + 1. Let a(w) = -7*w**3 + 3*w**2 + 7*w - 4. Let f(k) = a(k) - 6*j(k). Calculate f(9).
-1
Let c(z) = z. Let y be c(-4). Suppose 0 = t - 0*t, 3*l - 5*t = -6. Let r be (10/(-4))/(l/y). Let a(j) = j + 5. What is a(r)?
0
Let j = 2 - -3. Let q(x) = 2*x - 6. What is q(j)?
4
Let i(a) be the second derivative of -a**5/20 - a**4/12 - a**3/6 + 7*a**2/2 - a - 16. Calculate i(0).
7
Let q(l) = 8*l**2 + 2*l + 3. Let v(d) = -17*d**2 - 4*d - 5. Let w(k) = -7*q(k) - 4*v(k). Calculate w(1).
13
Let q(u) be the second derivative of -2*u**2 + 1/12*u**4 + 0 + 2/3*u**3 - u. Let h = -18 + 13. What is q(h)?
1
Let k(p) = 4 - 9*p - 3 - 1 - 1. Let s be k(-1). Let b = -4 + s. Let u(d) = d - 5. Give u(b).
-1
Let p(q) = 1 + 7*q**2 + 3*q**2 - 9*q**2 + 4*q. Suppose -3*l = -0*l + 6. Let o(g) = -g**3 - 4*g**2 - 3*g - 3. Let a be o(l). Calculate p(a).
6
Let o(y) = 7*y**2 + y. Suppose 0 = -4*d - 16. Let a(t) = -t**3 - 4*t**2 + t + 5. Let x be a(d). Give o(x).
8
Let n = 104 - 101. Let t(c) be the third derivative of 0 + 1/8*c**4 + 1/60*c**5 + 2*c**2 + 0*c + 1/2*c**n. What is t(-3)?
3
Let a(u) = 3*u. Suppose -4*f = -0*z + z - 6, 5*z + 16 = 3*f. What is a(f)?
6
Let n(w) = w**2 + 6*w - 7. Let h be 120/(-21) + 3*(-6)/63. What is n(h)?
-7
Let g be 26/4 - (-1)/(-2). Let u(v) = -5*v**2 + 2*v - 5. Let n(l) = -4*l**2 + l - 5. Let f(t) = -6*n(t) + 5*u(t). What is f(g)?
-7
Let r = -21 - -17. Let h(d) = -d + 3. Give h(r).
7
Let t(g) = 2*g**2 + 4*g - 1. Let w be t(-3). Suppose 0 = -w*i + 6*i - 2. Let f(b) = b**2 - 3*b + 2. Calculate f(i).
0
Let h(a) = 6*a**2 - a. Let r be ((-14)/(-7))/(2/4). Suppose 0 = -r*v + 4. What is h(v)?
5
Let u be 9/6 + (-2)/4. Suppose -y - 2 = u. Let p(m) = 2*m**2 + 5*m + 3. Calculate p(y).
6
Let o be 2/6 - 22/(-6). Let m(g) = g**3 - 3*g**2 - 4*g + 5. Let k be m(o). Let h(l) = -3 - l - l**3 + l + k*l**2 + l. Calculate h(5).
2
Let h(z) = z**3 - 2*z**2 + 3*z - 1. Suppose 0*l - l = 1. Let n be (6/(3 - 6))/l. Give h(n).
5
Let d(t) = -t**3 - 7*t**2 - 6*t + 3. Let v be d(-6). Let n(f) = -2 + 4*f**v - f + 3*f**3 - f**2 + 1. What is n(-1)?
-8
Let a(o) be the third derivative of o**4/24 - o**3/3 + 2*o**2. Suppose 0 = -4*n + 1 + 3. Let k be (-1 + n)/(3 + -2). Calculate a(k).
-2
Suppose 0 = o + 2 + 1. Let c(v) = -v**3 - 3*v**2 - 4*v - 4. Give c(o).
8
Let i = 20 - 18. Let q(u) be the first derivative of 1/3*u**3 + 1 + 3*u + 1/2*u**i. Give q(-3).
9
Let z(m) = -m**3 - 4*m**2 - 3*m - 3. Let j(a) = a**2 - 30*a + 52. Let t be j(28). What is z(t)?
9
Suppose 0 = -5*c - 10 - 15. Let g(m) be the first derivative of -2*m**2 - m + 86. What is g(c)?
19
Let t(l) = 7*l - 6. Let y(z) = z**2 + z. Let d(q) = t(q) - y(q). What is d(4)?
2
Let a(z) = -z**3 - z**2 + z + 1. Let v(w) = 1. Let x(t) = -a(t) + 5*v(t). Let h = -6 - -4. Let l be 2 + -1 + (-6 - h). Determine x(l).
-11
Let i = -2 - -8. Suppose -5*c - w + 39 = 0, 3*w - w - 36 = -4*c. Let n(q) = 6*q - q - 4*q + 0*q - c. Give n(i).
-1
Let n(s) be the second derivative of 1/6*s**4 - 1/2*s**3 + 2*s + 0 + 3/2*s**2. Suppose 1 = 5*r - 9. Calculate n(r).
5
Let r(v) = -v**3 - 3*v**2 + 5*v + 1. Suppose 0 = -0*a + 4*a - 12. Let s be ((-20)/15)/(a/9). Calculate r(s).
-3
Suppose -5*z = -4*q + 8, -3*z + 2 = -0*q + q. Suppose 2*t - 2*g = 3*g - 12, -5*g + 20 = z. Let c(d) = -d + 6. Calculate c(t).
2
Suppose 0 = -2*a + 5*f + 2, 2*f = 5*a - 2*f - 22. Let i(c) = c. Give i(a).
6
Let h(m) = -35*m**2 + 3*m - 7. Let g(l) = -18*l**2 + 2*l - 4. Let r(n) = -5*g(n) + 3*h(n). Calculate r(-1).
-15
Let s(j) = -j**2 + 8*j - 4. Let g(z) = -5*z**2 + 41*z - 19. Let b(u) = -2*g(u) + 11*s(u). Give b(5).
-1
Suppose 6 = 5*r - 4. Let v(s) = -s. Let a(f) be the first derivative of -3*f**2/2 + 2. Let w(n) = -a(n) + 5*v(n). Determine w(r).
-4
Let u(o) = -7*o**3 + o**2 - o - 1. Let c be 5/10 - (-9)/2. Suppose -26 = y + 5*t, y - 4*y + c*t = -22. What is u(y)?
8
Let p = 45 - 75. Let n be 6/p + (-11)/(-5). Let s(x) = 2*x**2 + 1. Determine s(n).
9
Let o(p) = p. Suppose 0 = -g - 2*g + 9. Suppose 8 = g*l - 4. Give o(l).
4
Let u(c) = -3*c**3 - c**2 + 2*c - 1. Let o(a) = -a**2 - 6*a - 3. Suppose 4*n - 5*r + 41 = 0, -n + r - 12 = -3. Let s be o(n). Let f = s - 4. Give u(f).
-3
Let w(d) = -16 - 9 + d + 23 - 5. Give w(6).
-1
Let g(i) = i**3 - 6*i**2 - 16*i - 5. Let v be g(8). Let y(r) = 2*r**2 + 4*r**2 + 4*r**3 + 7*r - 3*r**3. Determine y(v).
-10
Let q(c) = 2*c - 153 - 3*c + 149 - c**2. Give q(-3).
-10
Suppose 0 = 5*o - 10*o - 30. Let w be 30/9 - (-2)/o. Let c(y) = 7*y**3 - 2*y + 0*y**w + 4*y - y. Determine c(1).
8
Suppose 2*j + 4*v - 10 = 0, 4*v - 8*v + 4 = -4*j. Let o(p) = p - 9. Let l(r) = 1. Let z = 6 - 4. Let s(u) = j*o(u) + z*l(u). Calculate s(0).
-7
Let u(h) = 6*h + 12. Let n(y) = -2. Let j(d) = 6*n(d) + u(d). Calculate j(3).
18
Suppose -5 = -m - 0*m. Let u(v) = 8*v**2 + 2 - m*v**2 - 7*v**2 + 3*v**2 - 3*v. Determine u(-3).
2
Let l = 6 - 6. Let m(o) = o**2 + 3. Determine m(l).
3
Let q = 1 + -2. Let i = 0 - q. Let h(x) = -18*x + 34*x - 20*x. Determine h(i).
-4
Let f(w) = w**2. Let p(n) = -4*n**2 + 4. Let v(d) = 3*f(d) + p(d). Calculate v(-4).
-12
Let n(y) = -2*y - 10. Let d be n(-7). Let f(v) be the first derivative of v**3/3 - 5*v**2/2 + 5*v + 1. Calculate f(d).
1
Let h(j) be the first derivative of j**2/2 - 13*j + 2. What is h(6)?
-7
Let s(w) = 4*w + 3. Let k(y) = 9*y + 7. Let o(h) = -2*k(h) + 5*s(h). Suppose 0 = -5*z + z + 8. Give o(z).
5
Let o(b) = -15*b**3 - 15*b**2 - 2*b. Let j(h) = -7*h**3 - 7*h**2 - h. Let u(l) = -13*j(l) + 6*o(l). Give u(2).
14
Let q = -145 - -143. Let m(p) be the third derivative of -p**6/120 - p**5/60 + p**4/24 - p**3/3 + p**2. Give m(q).
0
Let w be (-2)/(1/((-3)/6)). Let l(u) = 4*u**2 - 1. Let i be l(w). Let p(r) = -1 + r**i - 2*r**2 - 2 + 0 - 3*r. Determine p(3).
-3
Let a(x) be the second derivative of x**3/3 - 5*x**2/2 - 5*x. Give a(4).
3
Let k(h) = -h + 0*h + 2*h - 2*h. Suppose 0 = 3*x + n - 25, 3*x + 6*n - 3*n - 33 = 0. Let a = 2 - x. Give k(a).
5
Let k be ((-8)/10)/(12/(-30)). Let n(d) be the first derivative of 2/3*d**3 + k + 5*d + 3*d**2. Give n(-4).
13
Suppose 0 = 5*d - d - 24. Suppose -g + d*g = 0. Suppose -n + g = -6. Let i(u) = -u**3 + 5*u**2 + 6*u + 7. Calculate i(n).
7
Suppose 14 = 3*f + 5*x, -3*x + 14 = f - 2*f. Let b be 6/(f/1) - -2. Let g(y) be the s